posite number?
False
Is 136543619 composite?
True
Is 376576411 composite?
False
Is 17558171 composite?
False
Is 1577989 prime?
False
Is 185597691 a composite number?
True
Is 23281141 a composite number?
True
Is 1367257 a prime number?
True
Is 12825889 a composite number?
True
Is 22785839 a composite number?
False
Is 1046285 a composite number?
True
Is 14492901 composite?
True
Is 26289535 a prime number?
False
Is 47037119 a composite number?
False
Is 4813997 composite?
False
Is 139090093 composite?
False
Is 2904469 a prime number?
True
Is 3910583 composite?
True
Is 103984417 a prime number?
True
Is 39104405 a composite number?
True
Is 956177 a composite number?
False
Is 134704009 a composite number?
True
Is 413391641 a prime number?
False
Is 2837677 prime?
True
Is 353381213 composite?
True
Is 387740663 composite?
False
Is 61783165 a prime number?
False
Is 526928663 composite?
False
Is 318067 a prime number?
False
Is 834761 composite?
False
Is 61429747 composite?
False
Is 1262013 prime?
False
Is 360340901 prime?
True
Is 9914563 prime?
False
Is 145775573 a prime number?
False
Is 458803 composite?
True
Is 3939043 prime?
True
Is 44041597 a composite number?
False
Is 918649 a composite number?
True
Is 772439 composite?
False
Is 60188893 a prime number?
True
Is 5336417 a composite number?
True
Is 6271583 composite?
False
Is 11566361 prime?
True
Is 3725515 composite?
True
Is 1563869 a composite number?
True
Is 40188557 composite?
True
Is 171947159 a prime number?
True
Is 100772543 composite?
False
Is 99170557 a prime number?
False
Is 1891469 prime?
False
Is 15116753 a composite number?
False
Is 717672793 a prime number?
True
Is 176789 a composite number?
False
Is 2381741 a prime number?
False
Is 4422253 composite?
True
Is 1022347 a prime number?
False
Is 49099217 prime?
True
Is 2658527 a composite number?
True
Is 3319553 a composite number?
False
Is 205111 composite?
False
Is 4431899 prime?
True
Is 787561 prime?
False
Is 318431 a prime number?
True
Is 43615597 prime?
True
Is 30042849 prime?
False
Is 319287559 a composite number?
False
Is 27586523 prime?
True
Is 185294981 a prime number?
False
Is 62288851 prime?
True
Is 539619835 composite?
True
Is 1595779 a prime number?
False
Is 1050887 composite?
False
Is 5789599 a composite number?
False
Is 26208587 a composite number?
False
Is 12481771 prime?
True
Is 2391071 a prime number?
True
Is 213614713 prime?
False
Is 26806903 a prime number?
True
Is 44142211 composite?
False
Is 82700803 composite?
False
Is 761084411 composite?
False
Is 10185433 a composite number?
True
Is 116473559 prime?
False
Is 5574829 composite?
True
Is 13783507 composite?
True
Is 1541273 composite?
False
Is 23948857 a composite number?
True
Is 15051731 prime?
True
Is 3023821 a prime number?
True
Is 12678493 a prime number?
True
Is 30016297 a prime number?
True
Is 142010801 a prime number?
True
Is 14040395 a prime number?
False
Is 682009795 composite?
True
Is 1505711 prime?
True
Is 3269207 composite?
False
Is 61485503 composite?
True
Is 62669251 a prime number?
False
Is 20115409 prime?
False
Is 10516579 prime?
False
Is 7048621 a composite number?
False
Is 3139139 prime?
False
Is 18878329 a prime number?
True
Is 1050319 a prime number?
False
Is 656785823 composite?
True
Is 6655343 a prime number?
True
Is 10717567 prime?
False
Is 161366539 a prime number?
True
Is 3430397 prime?
False
Is 485589331 a composite number?
False
Is 304754449 a composite number?
False
Is 36271783 prime?
True
Is 205766909 a composite number?
False
Is 22120789 composite?
True
Is 45813122 a prime number?
False
Is 9779529 a composite number?
True
Is 471893 prime?
True
Is 45934789 prime?
False
Is 6869498 composite?
True
Is 428666347 a composite number?
False
Is 53778563 composite?
True
Is 1292314615 a prime number?
False
Is 7324495 prime?
False
Is 2704661 a prime number?
True
Is 30857891 composite?
False
Is 153870461 a prime number?
False
Is 14882897 composite?
False
Is 777889 a composite number?
True
Is 1866637 a prime number?
True
Is 8928239 prime?
True
Is 790397 a composite number?
False
Is 3539435 a prime number?
False
Is 7362113 a prime number?
False
Is 3805057 prime?
True
Is 38913043 a prime number?
False
Is 83298613 a composite number?
True
Is 4869317 a composite number?
False
Is 3479453 a prime number?
True
Is 14595883 a prime number?
False
Is 2415319 composite?
False
Is 247796221 composite?
True
Is 1024493 prime?
False
Is 5023801 prime?
False
Is 11234801 prime?
False
Is 71207669 prime?
False
Is 43022983 composite?
True
Is 27349139 prime?
False
Is 5339443 a composite number?
False
Is 96772642 a prime number?
False
Is 9691723 composite?
False
Is 67854351 a composite number?
True
Is 113966 prime?
False
Is 212122619 a prime number?
True
Is 190128101 prime?
True
Is 49813987 a composite number?
False
Is 14824181 composite?
True
Is 18554299 prime?
False
Is 40286429 a composite number?
False
Is 29715277 prime?
False
Is 10111483 prime?
True
Is 6271891 composite?
False
Is 887382451 composite?
False
Is 52907 a composite number?
True
Is 1282277 prime?
True
Is 10391695 prime?
False
Is 301922713 a prime number?
False
Is 92283943 prime?
False
Is 7001114 a composite number?
True
Is 275129 a composite number?
False
Is 460721 prime?
True
Is 36296993 composite?
False
Is 330940213 prime?
True
Is 9191165 a prime number?
False
Is 11680667 a prime number?
False
Is 14850217 a composite number?
False
Is 16082509 prime?
True
Is 12749179 a composite number?
False
Is 61804294 composite?
True
Is 272640703 composite?
False
Is 2904989 composite?
False
Is 5420783 a composite number?
False
Is 22456073 composite?
True
Is 41853901 composite?
False
Is 68207033 composite?
False
Is 166136351 a composite number?
False
Is 4501711 a prime number?
True
Is 166367207 prime?
False
Is 125346397 a composite number?
True
Is 7299079 a composite number?
False
Is 28417 composite?
True
Is 4513307 prime?
False
Is 71740733 a composite number?
False
Is 5187961 prime?
True
Is 10225057 prime?
True
Is 20763349 composite?
False
Is 525979 a prime number?
True
Is 692513 prime?
True
Is 21737341 composite?
True
Is 856129 a composite number?
True
Is 48286357 a prime number?
False
Is 410511437 composite?
True
Is 4881379 composite?
False
Is 2009563 a composite number?
True
Is 23025673 a prime number?
False
Is 70135201 a composite number?
True
Is 18118051 a composite number?
True
Is 5033677 a composite number?
True
Is 272449 composite?
False
Is 2801527 a composite number?
True
Is 88568213 composite?
True
Is 3933899 a composite number?
True
Is 2952217 composite?
True
Is 1476869 a prime number?
True
Is 24453491 composite?
False
Is 384916373 a composite number?
False
Is 12134183 prime?
False
Is 123389381 prime?
True
Is 1016123 a prime number?
True
Is 3179411 prime?
False
Is 9459263 prime?
False
Is 15462947 a prime number?
True
Is 513910483 prime?
True
Is 58023257 composite?
False
Is 61614433 prime?
False
Is 607122905 composite?
True
Is 3615511 a composite number?
True
Is 8512003 a composite number?
False
Is 138090017 prime?
False
Is 292184873 a composite number?
False
Is 235077943 prime?
True
Is 2540641 prime?
True
Is 82989217 a prime number?
True
Is 65661781 composite?
True
Is 12120443 a prime number?
True
Is 129406447 a prime number?
True
Is 366547619 a composite number?
True
Is 105689453 prime?
True
Is 9905891 a composite number?
False
Is 221020529 a composite number?
True
Is 160621105 a prime number?
False
Is 48856013 a prime number?
True
Is 64132613 a composite number?
False
Is 18401431 a prime number?
True
Is 15546169 a composite number?
False
Is 56881 a composite number?
True
Is 4895357 a composite number?
True
Is 2890103 prime?
True
Is 35071219 a composite number?
False
Is 227501 composite?
False
Is 220689113 prime?
False
Is 1273097 a composite number?
True
Is 44139107 composite?
False
Is 746561 composite?
False
Is 256936557 prime?
False
Is 468528061 a composite number?
False
Is 551777207 composite?
False
Is 4512617 prime?
True
Is 904667 a composite number?
False
Is 1433479 prime?
False
Is 4784237 a composite number?
False
Is 2090317 composite?
False
Is 524019 prime?
False
Is 58311109 prime?
False
Is 21349283 a composite number?
True
Is 561008263 composite?
True
Is 20677801 a composite number?
False
Is 6000889 a pr